 the prime factors of g(3)?
2, 5
Let u be 1 + 5*6/15. Suppose 0 = u*i + 25 - 130. List the prime factors of i.
5, 7
Let d = 1 + 1. Suppose 9 = -d*i - 3*l, 3*i - l - 9 = 2*l. Suppose i = 3*j - 0*j - 39. List the prime factors of j.
13
Let v(t) = t**3 - 9*t**2 + 5*t - 5. Let s be v(9). Suppose -6*y = -11*y + s. What are the prime factors of y?
2
Let l(g) = 36*g - 2. What are the prime factors of l(4)?
2, 71
Let n be -3 + 0 + 0 + 13. Let v = n + 10. What are the prime factors of v?
2, 5
Let j(l) = l**2 - 8*l + 10. Suppose -2*o + 4*i + 32 = 0, i + 4*i - 12 = -4*o. What are the prime factors of j(o)?
2, 5
Suppose -34 = -b - l, l - 93 = -2*b - 20. What are the prime factors of b?
3, 13
Suppose -80 = 8*i - 6*i. What are the prime factors of (i/12)/((-1)/3)?
2, 5
Suppose -8*t = -t - 2569. What are the prime factors of t?
367
Suppose 0 = 5*k - 0*s + 3*s - 13, 10 = 3*k + 4*s. Suppose -k*y + 26 = -34. What are the prime factors of y?
2, 3, 5
Let b(h) = 2*h - 18*h**3 + 0*h - h**2 - 1 - 3*h. Suppose -4*j = -l + 8, -3*l - l + 11 = 5*j. List the prime factors of b(j).
17
List the prime factors of -3 - (-3 + 2)*(43 - -1).
41
What are the prime factors of (24/9)/(2/21)?
2, 7
Let u(i) = -2 - 6*i**2 - i**3 + 2 + 7*i - 2. Let s be u(-7). List the prime factors of -1 + 2 - (s - 6).
3
Suppose -2*h + 15 = 3*h. Suppose 14 - 265 = -4*u - i, -3*u + 186 = h*i. Suppose 5*g - u + 8 = 0. List the prime factors of g.
11
Let s(n) = n**2 - 8*n + 14. What are the prime factors of s(8)?
2, 7
What are the prime factors of 1344/9 - 2/(-3)?
2, 3, 5
Suppose 72 = -6*f + 2*f. Let j = 8 - 18. Let k = j - f. List the prime factors of k.
2
Let q be 9/(108/64)*-3. Let d = q + 21. List the prime factors of d.
5
Let m = 10 - -18. What are the prime factors of m?
2, 7
What are the prime factors of 5 + -3 + (13 - -3)?
2, 3
Let w = 46 - 67. List the prime factors of (-162)/w + 6/21.
2
Suppose 0 = 2*l + 4*t - 44, -3*l + 5*t + 56 = -54. List the prime factors of l.
2, 3, 5
Let g(z) = z**2 - 10*z. Let l be g(10). What are the prime factors of l - 0 - (-36)/3?
2, 3
Let u(n) = n**3 - 6*n**2 + 3. Let r be u(6). Suppose -a = -2 - r. List the prime factors of a.
5
Let j be (2/(-3))/((-2)/(-6)). Let p = j - -6. Suppose -p*o - 2*v + 44 = 0, 5*o - 2*o - v = 23. List the prime factors of o.
3
Let m = 88 + -8. Suppose 2*s - m = -2*s. What are the prime factors of s?
2, 5
List the prime factors of 1536/22 - ((-12)/(-33))/(-2).
2, 5, 7
Let x = 9 - 13. Let s(o) = -o - 1. Let v be s(x). Suppose 5*j + v*d = 16, 2*d + 0 = -3*j + 10. List the prime factors of j.
2
List the prime factors of (3 - -1)*(-17)/(-2).
2, 17
Let a = -10 - -13. Suppose a*b = -b + 128. List the prime factors of b.
2
Let r = -8 - -2. List the prime factors of (3/r)/((-2)/24).
2, 3
Let z = 8 - 4. Suppose -6 = b - 3*a + 2, -z*a - 15 = -5*b. What are the prime factors of b?
7
Let i = -50 - -93. What are the prime factors of i?
43
Let r(p) = 0*p**3 + 5*p - p**3 + 3*p**2 - p + 4. Let d be r(4). What are the prime factors of d + (3/3 - 1)?
2
Let t(p) = 2*p + 5. Let r be t(-5). Let v(w) = -w**2 - 6*w + 4. Let u be v(r). Let i = u + -5. List the prime factors of i.
2
Suppose -2*p = -2*h - 5*p + 4, -2*h + 3*p = 8. What are the prime factors of 17 + h/(-1 - -2)?
2
Let j(s) = s**3 - 4*s**2 - 10*s + 2. What are the prime factors of j(6)?
2, 7
Let h = 10 + 2. Suppose -2*y - 3 = -4*w + 1, y - 4*w + h = 0. List the prime factors of y.
2
Suppose 161*y = 162*y - 10. Let n be (5/2)/(2/20). Suppose 3*x + 5*i - n = 0, 4*x - 7*i = -2*i + y. What are the prime factors of x?
5
Suppose 3*s - 33 = -4*j + 209, 102 = s - 4*j. List the prime factors of s.
2, 43
Suppose -3*m - 219 = -3*l - 39, -248 = 4*m - 2*l. Let u = -23 - m. What are the prime factors of u?
41
Let k = 11 + -6. Suppose l - 10 - 9 = -3*b, -5*l = -k*b - 15. List the prime factors of l.
7
Suppose 29 - 89 = -3*h. Suppose 3*f + 4*o - 95 = -2*f, 5*o = 3*f - h. List the prime factors of f.
3, 5
Suppose -4*l - l = 3*z - 77, -135 = -5*z - 5*l. What are the prime factors of z?
29
List the prime factors of (-3)/(0 - 2/(-3) - 1).
3
Suppose -5*k + 114 = -g - 39, -12 = 4*g. Suppose 4*t = k - 6. What are the prime factors of t?
2, 3
List the prime factors of 1 + -6 - 1170/(-9).
5
Let y(a) be the third derivative of a**4/8 - a**3 - a**2. List the prime factors of y(6).
2, 3
Let r = -17 + 27. Let f = r - -25. What are the prime factors of f?
5, 7
Let o(p) = p**2 + 22. List the prime factors of o(14).
2, 109
Let i be -1 + 2 - 1*-5. Let y = i - -11. Let j = -8 + y. What are the prime factors of j?
3
List the prime factors of (0 + -134)*((-60)/8)/5.
3, 67
Let f(g) = g**3 - 8*g**2 + g - 4. Let a be f(8). Suppose -a*b + 56 = -0. List the prime factors of b.
2, 7
Suppose -m = -2*m - 5. List the prime factors of -2 + (10 - (3 + m)).
2, 5
Let y be (-104)/12*3/2. Let q = -10 - y. Let l = q + 10. What are the prime factors of l?
13
Let p be (1 - 2)/(2/(-58)). Let q = p + -17. List the prime factors of q.
2, 3
Suppose -h - 1 = -5*v, 0 = 3*v - 0 - 3. Suppose 0 = q + 4, 2*r - 32 = -2*r + h*q. Let m(s) = s**3 - 2*s**2 - 3*s + 1. List the prime factors of m(r).
3, 7
Suppose -7*s + 280 = -231. List the prime factors of s.
73
Let n = -5 + 7. Suppose n*s = s. Suppose 4*t - 3*r = 21, -t + 2*r + 1 + 3 = s. List the prime factors of t.
2, 3
Let o(v) = v**3 + 2*v - 7*v**2 - 2*v**3 + 3 + 4 - 9*v. Suppose -p + 3 = -b + 10, -2*p - 5*b - 7 = 0. What are the prime factors of o(p)?
13
Let v(z) = -z**3 + 7*z**2 + 4*z - 15. What are the prime factors of v(7)?
13
Let v = 123 - 14. What are the prime factors of v?
109
Suppose 4*t - 6 = 6. Let s be (0 + 3)/(t/(-4)). List the prime factors of s/14 - (-156)/7.
2, 11
Let m(r) = r**3 + 3*r**2 + r - 2. Let l(v) = -3*v**3 - 9*v**2 - 3*v + 5. Let j(h) = -2*l(h) - 7*m(h). List the prime factors of j(-3).
7
Suppose -2*v = -4*v. Suppose 5*r - 95 = -v*r. Let n = r - 8. What are the prime factors of n?
11
Suppose -z - 2 + 17 = 5*k, 4*z - 85 = 5*k. Suppose t - z = -0*t. List the prime factors of ((-5)/10)/((-2)/t).
5
Suppose 4*a + 88 = 8*a. List the prime factors of a.
2, 11
Let j(p) be the third derivative of -p**5/60 + p**4/3 - 2*p**3/3 + 4*p**2. Suppose 0 = -3*k + 5*s - 6 + 17, k = s + 5. List the prime factors of j(k).
3
Suppose 0 = 4*q + 4*m - 9 - 7, 0 = -4*q + 5*m + 43. List the prime factors of q.
7
Let m = -147 - -279. What are the prime factors of m?
2, 3, 11
Suppose 3*c = -0*u - 4*u - 3, -4*c - 14 = 2*u. Let n be 2/c - (-26)/(-10). What are the prime factors of n/(-6) + 13/2?
7
Let i = 24 - 34. What are the prime factors of (i + 22)*(-4)/(-6)?
2
Suppose 2*h + 24 - 96 = 0. What are the prime factors of h?
2, 3
Let v(q) = q**3 - 6*q**2 + 7*q + 1. Let s be 24/4 + 1/(-1). What are the prime factors of v(s)?
11
Let i = 17 - 10. What are the prime factors of i?
7
Let m = 17 + -9. List the prime factors of m.
2
Let r(g) = 6*g + 3. List the prime factors of r(3).
3, 7
Let o = -10 - -4. Let l = -2 + o. Let u = 15 + l. List the prime factors of u.
7
Let o(n) = -2 - 3*n - 3*n + 5*n. Let v(m) = -3. Let y(f) = -4*o(f) + 3*v(f). List the prime factors of y(3).
11
Suppose 3*t - 9 = 5*i, -2*i + 6 = 2*t - 0*t. Suppose -j = -i*j - 14. List the prime factors of j.
2, 7
Suppose -q + 16 - 2 = 0. What are the prime factors of q?
2, 7
Let q(i) = -i**3 - 9*i**2 + 24*i - 28. What are the prime factors of q(-12)?
2, 29
Let s(z) = -z**3 - 3*z**2 + 3*z + 1. Let u be s(-4). Suppose 40 = u*k - 5*j, -2*k + 10 = k + 4*j. What are the prime factors of k?
2, 3
Suppose -1 = b - 3. Suppose -4*r = -b*r - 16. List the prime factors of r.
2
Suppose 5*r = 4*y - 38 + 7, -2*y + 5*r + 23 = 0. Let x(m) = m**2 - 4*m + 1. Let c be x(y). Let n = 17 + c. What are the prime factors of n?
2, 3
Suppose d + 9 = -v, -5*d - 42 = 2*v - 9. Let m = -3 - d. Suppose -12 = -3*i - 5*w + m*w, -w = -2. What are the prime factors of i?
2
Suppose -i - 17 = -5*o, -5*o + 24 = -5*i - 61. Let u = -15 - i. What are the prime factors of u?
2
Let r = 19 + -8. Let u(p) = 2*p + 2. List the prime factors of u(r).
2, 3
Let m = 13 - 2. Let b = m - 6. Suppose -2*p = -b*j + 15, -5*p + j + 10 = -10. What are the prime factors of p?
5
Suppose 0 = 2*w + 2*w - 140. Suppose f - w = 6*f. Let r = f + 10. List the prime factors of r.
3
Suppose 5 = m - 6. What are the prime factors o